uppose -4*q - 3*w - 14 = -3, -5*q - w = 0. List the prime factors of (-3)/(n*q/(-5)).
5
Let k(c) = 2*c. Let z be k(-3). Let s(p) = -p**3 - 6*p**2 - p + 6. What are the prime factors of s(z)?
2, 3
Let s(c) = -37 + 35 - 2*c**2 + 2*c**2 + 4*c**3 + 2*c. What are the prime factors of s(2)?
2, 17
List the prime factors of 4/(-14) + (-1360)/(-56) + -2.
2, 11
Let l(a) = 2*a + 1. Let u be ((-4)/5)/(2/(-5)). What are the prime factors of l(u)?
5
Suppose -55 = -3*n - 4*s, 4*s + 70 = -4*n + 6*n. List the prime factors of n.
5
Suppose -79 = 5*h - 6*h. Suppose h = -5*r - 4*d + 200, 2*r - d - 38 = 0. What are the prime factors of r?
3, 7
Let b(u) = -3*u + 2. Suppose 5*i = 2*i + 5*z - 9, z = 0. Let g be 0 + i + (-6)/2. What are the prime factors of b(g)?
2, 5
Let n(s) = -4*s - 9. Let z(o) = 16*o + 36. Let c(l) = 9*n(l) + 2*z(l). List the prime factors of c(-5).
11
Let s = -104 + 179. List the prime factors of s.
3, 5
Let o(u) = -6*u + 12. List the prime factors of o(0).
2, 3
Let p(w) = 4*w**2 - 5*w - 5. Let g(f) = -5*f**2 + 5*f + 6. Let n(o) = 3*g(o) + 4*p(o). Let j be n(8). Let l = -13 + j. What are the prime factors of l?
3
Suppose -3*h = h - 32. List the prime factors of h.
2
Let z(u) = -2*u**2 + 40*u - 16. List the prime factors of z(19).
2, 11
Let o = 3 - 3. Let w(j) = -j**2 - j + 2. List the prime factors of w(o).
2
Let b = 5 + -4. Let r be (1 - b)/2 + 2. Suppose 2*j = 2*h - r, 2*h + 7 = 4*j + 1. List the prime factors of j.
2
What are the prime factors of (24/4)/(4/38)?
3, 19
What are the prime factors of ((-4)/6)/((-26)/8307)?
3, 71
Let p(g) = -7*g**3 - g**2 - 2*g - 2. Let z = -1 - 1. What are the prime factors of p(z)?
2, 3
Let b(y) = -y**2 - 7*y - 5. List the prime factors of b(-4).
7
Let h(b) = 134*b**3 + b**2 - 2*b + 1. What are the prime factors of h(1)?
2, 67
Let q(r) be the third derivative of -r**4/4 - 3*r**3 - 8*r**2. What are the prime factors of q(-9)?
2, 3
Suppose -15 = -3*c - x - 0*x, 0 = 2*c - 5*x - 27. Let b = 0 + c. Suppose o - b*o = z - 28, 5*o = 15. List the prime factors of z.
13
Let i(o) = -4*o - 4*o - 9*o**2 - 5 + 3*o**2 - o**3. Suppose -25 = 6*h - h. List the prime factors of i(h).
2, 5
Let g(x) = 5*x - 15. List the prime factors of g(12).
3, 5
Suppose 2*b + 3*b = -4*p + 80, -4*p + 4*b + 44 = 0. Suppose 4*y - 4*j - p + 59 = 0, -4*j - 12 = 0. What are the prime factors of (y/(-8))/((-1)/(-8))?
2, 7
Let j(a) = 3*a**2 - 2*a - 5. Let y be j(4). Suppose -13 = 4*s + 2*x - y, -s + 5*x = -22. List the prime factors of s.
7
Let x = 1 - 8. What are the prime factors of (-145)/x - (-32)/112?
3, 7
Let x(d) be the third derivative of -d**6/120 + d**5/20 + d**4/12 + 2*d**3/3 - 2*d**2. Let a be x(3). List the prime factors of a*((3 - -2) + -3).
2, 5
Let x = 11 + -6. Let c = x - 3. Suppose -c*h = -4*h + 16. What are the prime factors of h?
2
Suppose -2*o = -8, -4*o + 21 + 34 = 3*s. What are the prime factors of s?
13
What are the prime factors of (-2)/11 - (-2790)/99?
2, 7
Let g = -3 - -5. Suppose 4*c - 24 = -g*h, -c + 23 = 2*c - h. Let z = 17 - c. What are the prime factors of z?
2, 5
Suppose 3*o + 44 = 7*o. Let w = -6 + o. List the prime factors of w.
5
Let j(k) be the first derivative of 2*k**2 - 7*k + 2. Let f = 12 - 7. What are the prime factors of j(f)?
13
Let r(g) = g + 3. Let f be (4/(-6))/((-6)/27). Suppose 2*z - 20 = -f*z. List the prime factors of r(z).
7
Let q = -26 + 40. Suppose 0 = -3*t + 83 - q. What are the prime factors of t?
23
Suppose -2*d - 5*z - 4 = -3*z, z - 6 = d. Let j = 5 - d. List the prime factors of j.
3
Let q(a) = a**2 + 2*a. Let v = -1 + 1. Suppose 5*k + 2*z = -16, v*k - 3*z = 3*k + 6. What are the prime factors of q(k)?
2
Let y(x) = -x**3 + 6*x**2 + 4. Suppose 0 = 3*j + u + u - 28, -3*j + 3*u + 3 = 0. Let r be y(j). Suppose r*h - 4 = 4. What are the prime factors of h?
2
Suppose -4*h - 4 = -16. Let q be (1 - 7) + (h - 1). List the prime factors of 38/4 + 2/q.
3
Let y(b) be the second derivative of b**5/20 + 7*b**4/12 - b**3/2 - 2*b**2 - b. What are the prime factors of y(-7)?
17
Let j = 53 - 29. List the prime factors of j.
2, 3
Let m(j) = -2*j - 6. Let w = -1 - -3. Suppose -w*q - 24 = q. What are the prime factors of m(q)?
2, 5
Let y(k) = k - 6. Let t be y(12). Let l be 2*1*144/t. Suppose 3*o = -o + l. List the prime factors of o.
2, 3
Let l = -3 + 1. Let r(p) = p + 2. Let m be r(l). Suppose -3*y = -3*z, m = -2*y - 2*z + 6 + 2. What are the prime factors of y?
2
Suppose 0 = q + 5*y + 16, 3*q - y = -3*y + 17. Let s be 3/(-1*1/2). Let f = s + q. What are the prime factors of f?
3
Let u = 8 + -4. List the prime factors of 3/6*248/u.
31
Suppose -5*r + 10 = -0*r. What are the prime factors of r/6*(2 - -16)?
2, 3
Let y be 0 - (0 - (3 + -2)). List the prime factors of -14*(y + (-1 - 1)).
2, 7
What are the prime factors of 3 - (-33 + -3 + 3)?
2, 3
Let i(d) = 2*d + 2. Let k be i(0). Suppose -3*l = -5*r + 172, 144 = k*r + 2*r + 4*l. List the prime factors of r.
5, 7
Suppose -2*c - 29 = 47. Let x = 65 + c. List the prime factors of x.
3
Let r(w) = 18*w**2 + w - 1. Let x be r(1). Let d = x + -8. What are the prime factors of d?
2, 5
Suppose -2*r + 9 = -25. What are the prime factors of r?
17
List the prime factors of 1 + 2 + 18 + 2/(-2).
2, 5
Let v(c) = -14*c. Suppose 0 = -7*y + 2*y - 10. List the prime factors of v(y).
2, 7
Let i = 34 - 24. What are the prime factors of i?
2, 5
Let l be 3/((-6)/170) + 1. Let w = l - -124. What are the prime factors of w?
2, 5
Let r(a) = a**2 - 3*a - 6. Let x(n) = n**2 + 9*n + 5. Suppose 0 = -q - 8 - 1. Let h be x(q). What are the prime factors of r(h)?
2
List the prime factors of 29/3 + (-6)/9.
3
Suppose 45 = -5*c - 55. List the prime factors of ((-32)/c)/(4/10).
2
Suppose 0 = 3*b + 44 - 161. List the prime factors of b.
3, 13
Let c(h) = -h + 2. Let b be c(6). What are the prime factors of (-7)/((-70)/b)*-15?
2, 3
Let i(f) = -3*f - 18. Let p be i(-7). Suppose 5*y = -2*w + 58, -3*w + w = p*y - 62. List the prime factors of w.
2, 17
Suppose -29 = -5*c - w, 0*c - c - w = -9. Suppose c = g - 0. Suppose -g*u = b + 1 - 2, -5*u = 10. List the prime factors of b.
11
Let a be ((-4)/(-6) + -2)*-18. Suppose 0 = s - 2*s - a. Let x = s + 34. What are the prime factors of x?
2, 5
Let i(p) = 12*p**2 + 1. What are the prime factors of i(-1)?
13
Suppose -5*k - 19 = -4*j, 4*j + 0*k + 5*k = -11. Let a be (-6)/(-3) - -60 - j. Suppose a - 9 = 4*z. List the prime factors of z.
13
Let b(n) = 2*n**2 - 8*n + 6. What are the prime factors of b(9)?
2, 3
Let b(v) = v + 9. Let r be b(-7). Let i be r - 6/9*3. Let a = i + 9. What are the prime factors of a?
3
Suppose -3*x - x = 504. Let f be 2/4 - x/(-12). Let z = -7 - f. List the prime factors of z.
3
Suppose 2*s = -3*s + 1020. List the prime factors of s.
2, 3, 17
Let y(n) = n - 1. Let a be y(0). What are the prime factors of ((-3)/(6/14))/a?
7
Let g(l) = l**3 + 3*l**2 + 5*l + 0 + 2 - 2*l. Let b be g(-2). Suppose 2*d - 3 - 3 = b. List the prime factors of d.
3
Let u = 10 + -6. Let t(x) = 10*x - 5. Let b be t(4). Suppose -4*z + b = -v, -z = 4*v - 34 + u. List the prime factors of z.
2, 5
Let p(o) = -4*o + 3. Let w(k) = -21*k + 15. Let u(j) = -11*p(j) + 2*w(j). List the prime factors of u(7).
11
Suppose 77 = -7*f + 497. What are the prime factors of f?
2, 3, 5
What are the prime factors of (-8)/4 + 355 + 1 + 0?
2, 3, 59
Suppose 0 = -p + 5*r - 12, -4*p - p + 3 = -4*r. Let c = 0 + p. What are the prime factors of 10/(-15) + 8/c?
2
Let c(d) = d**2 - 4*d - 9. Let p = 4 + -2. Suppose p*s + 6 = 20. List the prime factors of c(s).
2, 3
Suppose -917 = -4*v + 203. List the prime factors of v.
2, 5, 7
Let m(o) = o**2 - 19*o + 15. Let a(t) = -2*t**2 + 37*t - 29. Let p(u) = 4*a(u) + 7*m(u). Let z be p(14). What are the prime factors of (3 + (-33)/(-9))*z?
2, 5
Let m = 75 + 45. List the prime factors of m.
2, 3, 5
Suppose 2*n = 5*n - 18. List the prime factors of n.
2, 3
Suppose -2*m - 11 = 2*m - 3*l, -m = -l + 4. Let v(h) be the second derivative of h**5/4 + h**4/6 - h**3/3 + h**2/2 - 2*h. What are the prime factors of v(m)?
2, 3
Suppose -4*l = -5*g - 24, -4*l + 2*g + 0*g = -36. What are the prime factors of l?
11
What are the prime factors of 84/15 + (-4)/(-10)?
2, 3
Suppose 49 - 137 = -4*k. Let y = -16 + k. Suppose -y = -2*l + 16. What are the prime factors of l?
11
Suppose 2*